8112?
9
What is the ten thousands digit of 53791547?
9
What is the hundred thousands digit of 1753365751?
3
What is the hundred thousands digit of 72397481?
3
What is the hundred millions digit of 438916460?
4
What is the units digit of 74282248?
8
What is the units digit of 326410887?
7
What is the ten thousands digit of 3531215139?
1
What is the hundreds digit of 7147687?
6
What is the hundreds digit of 1320985988?
9
What is the thousands digit of 33139388?
9
What is the hundreds digit of 55919516?
5
What is the hundreds digit of 2834693238?
2
What is the thousands digit of 453348877?
8
What is the units digit of 1842453614?
4
What is the tens digit of 985974800?
0
What is the tens digit of 51787577?
7
What is the ten millions digit of 39169606?
3
What is the ten millions digit of 206158830?
0
What is the ten millions digit of 21900773?
2
What is the ten thousands digit of 472443355?
4
What is the millions digit of 408928634?
8
What is the hundred thousands digit of 99344758?
3
What is the hundred thousands digit of 319831591?
8
What is the hundred thousands digit of 12095393?
0
What is the hundreds digit of 714303959?
9
What is the hundred millions digit of 119009607?
1
What is the thousands digit of 17496723?
6
What is the hundred thousands digit of 789151313?
1
What is the tens digit of 1378517704?
0
What is the ten millions digit of 2307724510?
0
What is the units digit of 3947350252?
2
What is the tens digit of 144077054?
5
What is the ten millions digit of 5241253289?
4
What is the ten millions digit of 61474509?
6
What is the millions digit of 6645076?
6
What is the ten millions digit of 907244141?
0
What is the thousands digit of 40825713?
5
What is the millions digit of 348329314?
8
What is the millions digit of 355166805?
5
What is the units digit of 60485109?
9
What is the tens digit of 200227412?
1
What is the thousands digit of 72163079?
3
What is the ten millions digit of 943488849?
4
What is the hundred thousands digit of 207673888?
6
What is the tens digit of 162460816?
1
What is the thousands digit of 127501910?
1
What is the ten thousands digit of 285850252?
5
What is the tens digit of 243477296?
9
What is the tens digit of 26818087?
8
What is the tens digit of 1615901347?
4
What is the units digit of 30051287?
7
What is the billions digit of 4926470444?
4
What is the hundred thousands digit of 164652522?
6
What is the thousands digit of 33755541?
5
What is the ten millions digit of 88508072?
8
What is the ten millions digit of 1444275815?
4
What is the ten millions digit of 3182277163?
8
What is the tens digit of 8827455?
5
What is the ten millions digit of 10267958?
1
What is the hundreds digit of 60520319?
3
What is the units digit of 34687090?
0
What is the ten millions digit of 1999521451?
9
What is the units digit of 6200585450?
0
What is the millions digit of 184659902?
4
What is the thousands digit of 299562905?
2
What is the ten thousands digit of 15545441?
4
What is the thousands digit of 194345150?
5
What is the ten millions digit of 1147530879?
4
What is the tens digit of 26826181?
8
What is the tens digit of 43672661?
6
What is the hundred millions digit of 416410863?
4
What is the hundreds digit of 233099319?
3
What is the ten millions digit of 37913244?
3
What is the tens digit of 1302040171?
7
What is the tens digit of 94270721?
2
What is the units digit of 69837666?
6
What is the units digit of 94076603?
3
What is the units digit of 631581342?
2
What is the hundred millions digit of 258371900?
2
What is the hundred thousands digit of 3865493425?
4
What is the ten millions digit of 81951746?
8
What is the hundred thousands digit of 166161908?
1
What is the ten thousands digit of 338612099?
1
What is the hundreds digit of 111452727?
7
What is the tens digit of 808986765?
6
What is the hundred thousands digit of 351508203?
5
What is the units digit of 173303938?
8
What is the tens digit of 127147849?
4
What is the millions digit of 4534452024?
4
What is the ten millions digit of 70430566?
7
What is the millions digit of 20061690?
0
What is the units digit of 451066537?
7
What is the ten thousands digit of 288351458?
5
What is the millions digit of 1210778984?
0
What is the billions digit of 3254992432?
3
What is the ten millions digit of 18087857?
1
What is the hundred millions digit of 129785719?
1
What is the ten thousands digit of 8991903?
9
What is the units digit of 192360113?
3
What is the hundred thousands digit of 434808086?
8
What is the ten millions digit of 81825520?
8
What is the millions digit of 3238050135?
8
What is the hundred thousands digit of 75166141?
1
What is the tens digit of 4057490818?
1
What is the millions digit of 2597375845?
7
What is the hundred millions digit of 171772578?
1
What is the ten millions digit of 47194646?
4
What is the ten thousands digit of 56701156?
0
What is the millions digit of 389545026?
9
What is the tens digit of 54666482?
8
What is the hundred thousands digit of 37616092?
6
What is the ten thousands digit of 141745422?
4
What is the millions digit of 299625617?
9
What is the hundreds digit of 230399920?
9
What is the millions digit of 52257115?
2
What is the millions digit of 12982436?
2
What is the hundred thousands digit of 872649077?
6
What is the thousands digit of 1420128931?
8
What is the tens digit of 122017113?
1
What is the hundred thousands digit of 2819979053?
9
What is the hundred millions digit of 3988769858?
9
What is the hundred millions digit of 1259839376?
2
What is the millions digit of 715339274?
5
What is the units digit of 38992534?
4
What is the thousands digit of 62157523?
7
What is the hundreds digit of 1821698569?
5
What is the thousands digit of 25634786?
4
What is the hundreds digit of 1091351475?
4
What is the thousands digit of 498514174?
4
What is the thousands digit of 40610469?
0
What is the ten thousands digit of 37237572?
3
What is the units digit of 60247532?
2
What is the hundred thousands digit of 4670046556?
0
What is the millions digit of 1313592231?
3
What is the tens digit of 129350119?
1
What is the hundreds digit of 1873656225?
2
What is the units digit of 20002441?
1
What is the ten thousands digit of 111464480?
6
What is the tens digit of 673727537?
3
What is the units digit of 43791056?
6
What is the billions digit of 7788051146?
7
What is the units digit of 32526307?
7
What is the units digit of 20213857?
7
What is the millions digit of 9698704?
9
What is the ten millions digit of 184107843?
8
What is the millions digit of 31647334?
1
What is the ten millions digit of 481918844?
8
What is the ten millions digit of 79906571?
7
What is the millions digit of 773703850?
3
What is the thousands digit of 25803743?
3
What is the tens digit of 151844288?
8
What is the billions digit of 3017083477?
3
What is the tens digit of 128393638?
3
What is the hundred millions digit of 334434932?
3
What is the hundreds digit of 133579571?
5
What is the units digit of 111534176?
6
What is the ten thousands digit of 3356302528?
0
What is the hundreds digit of 1952612427?
4
What is the hundreds digit of 195044815?
8
What is the hundreds digit of 30017449?
4
What is the ten thousands digit of 735731163?
3
What is the hundreds digit of 409024066?
0
What is the millions digit of 87877620?
7
What is the hundreds digit of 87391618?
6
What is the ten thousands digit of 4607750289?
5
What is the tens digit of 16238779?
7
What is the ten thousands digit of 183195731?
9
What is the thousands digit of 183602201?
2
What is the units digit of 695610725?
5
What is the thousands digit of 588912962?
2
What is the units digit of 109160280?
0
What is the tens digit of 2251589645?
4
What is the hundred millions digit of 164887992?
1
What is the millions digit of 7354838?
7
What is the billions digit of 1426572367?
1
What is the tens digit of 37683911?
1
What is the units digit of 667748843?
3
What is the tens digit of 6693990708?
0
What is the hundred thousands digit of 17599113?
5
What is the tens digit of 331673080?
8
What is the thousands digit of 71853843?
3
What is the ten millions digit of 55324310?
5
What is the thousands digit of 22962504?
2
What is the tens digit of 55851038?
3
What is the thousands digit of 42261473?
1
What is the ten t